{"id":508,"date":"2025-02-04T17:02:14","date_gmt":"2025-02-04T17:02:14","guid":{"rendered":"https:\/\/lucianarizo.com\/?page_id=508"},"modified":"2025-02-06T19:33:53","modified_gmt":"2025-02-06T19:33:53","slug":"videos","status":"publish","type":"page","link":"https:\/\/lucianarizo.com\/index.php\/videos\/","title":{"rendered":"V\u00eddeos"},"content":{"rendered":"\n<figure class=\"wp-block-embed is-type-video is-provider-youtube wp-block-embed-youtube wp-embed-aspect-16-9 wp-has-aspect-ratio\"><div class=\"wp-block-embed__wrapper\">\n<iframe loading=\"lazy\" title=\"LucianaRizo Sem Censura 2016\" width=\"720\" height=\"405\" src=\"https:\/\/www.youtube.com\/embed\/r5iHg5jBjJ4?feature=oembed\" frameborder=\"0\" allow=\"accelerometer; autoplay; clipboard-write; encrypted-media; gyroscope; picture-in-picture; web-share\" referrerpolicy=\"strict-origin-when-cross-origin\" allowfullscreen><\/iframe>\n<\/div><\/figure>\n\n\n\n<p>Entrevista da Psic\u00f3loga e Professora Luciana Rizo no Programa de TV Sem Censura sobre o Aplicativo Voe Livre do Medo<\/p>\n\n\n\n<figure class=\"wp-block-embed is-type-video is-provider-youtube wp-block-embed-youtube wp-embed-aspect-16-9 wp-has-aspect-ratio\"><div class=\"wp-block-embed__wrapper\">\n<iframe loading=\"lazy\" title=\"Aula Magna - Terapia Focada na Compaix\u00e3o: uma ferramenta potente para a regula\u00e7\u00e3o emocional\" width=\"720\" height=\"405\" src=\"https:\/\/www.youtube.com\/embed\/eff6dSdVgg8?feature=oembed\" frameborder=\"0\" allow=\"accelerometer; autoplay; clipboard-write; encrypted-media; gyroscope; picture-in-picture; web-share\" referrerpolicy=\"strict-origin-when-cross-origin\" allowfullscreen><\/iframe>\n<\/div><\/figure>\n\n\n\n<p style=\"font-size:19px\">Para recepcionar os alunos ingressantes e veteranos, inaugurando as atividades pedag\u00f3gicas do segundo semestre, o curso preparou a Aula Magna &#8220;Terapia Focada na Compaix\u00e3o: uma ferramenta potente para a regula\u00e7\u00e3o emocional&#8221;, com a palestrante Luciana Rizo.<\/p>\n\n\n\n<figure class=\"wp-block-embed is-type-video is-provider-youtube wp-block-embed-youtube wp-embed-aspect-16-9 wp-has-aspect-ratio\"><div class=\"wp-block-embed__wrapper\">\n<iframe loading=\"lazy\" title=\"NOSSO C\u00c9REBRO HUMANIDADE COMPAIXAO\" width=\"720\" height=\"405\" src=\"https:\/\/www.youtube.com\/embed\/96dcM7Fzs6c?start=182&#038;feature=oembed\" frameborder=\"0\" allow=\"accelerometer; autoplay; clipboard-write; encrypted-media; gyroscope; picture-in-picture; web-share\" referrerpolicy=\"strict-origin-when-cross-origin\" allowfullscreen><\/iframe>\n<\/div><\/figure>\n\n\n\n<p>A COLE\u00c7\u00c3O de V\u00cdDEOS intitulada A PR\u00c1TICA DA TERAPIA FOCADA NA COMPAIX\u00c3O, desenvolvida pela Me. Luciana Rizo, teve como primeira fun\u00e7\u00e3o trabalhar a Psicoeduca\u00e7\u00e3o de temas da Terapia Focada na Compaix\u00e3o com adolescentes, mas j\u00e1 vem sendo utilizada com crian\u00e7as e adultos.<\/p>\n\n\n\n<figure class=\"wp-block-embed is-type-video is-provider-youtube wp-block-embed-youtube wp-embed-aspect-16-9 wp-has-aspect-ratio\"><div class=\"wp-block-embed__wrapper\">\n<iframe loading=\"lazy\" title=\"Cri Cri Monsters - Sobre a Autocr\u00edtica\" width=\"720\" height=\"405\" src=\"https:\/\/www.youtube.com\/embed\/zJAPYbBEtpY?feature=oembed\" frameborder=\"0\" allow=\"accelerometer; autoplay; clipboard-write; encrypted-media; gyroscope; picture-in-picture; web-share\" referrerpolicy=\"strict-origin-when-cross-origin\" allowfullscreen><\/iframe>\n<\/div><\/figure>\n\n\n\n<p>Cri Cri Monsters &#8211; Sobre a Autocr\u00edtica &#8211; Cole\u00e7\u00e3o Pr\u00e1tica Cl\u00ednica da Compaix\u00e3o por Luciana Rizo<\/p>\n\n\n\n<figure class=\"wp-block-embed is-type-video is-provider-youtube wp-block-embed-youtube wp-embed-aspect-16-9 wp-has-aspect-ratio\"><div class=\"wp-block-embed__wrapper\">\n<iframe loading=\"lazy\" title=\"Luciana Rizo - Refer\u00eancias Acad\u00eamicas\" width=\"720\" height=\"405\" src=\"https:\/\/www.youtube.com\/embed\/kYXBzQlsb6Q?feature=oembed\" frameborder=\"0\" allow=\"accelerometer; autoplay; clipboard-write; encrypted-media; gyroscope; picture-in-picture; web-share\" referrerpolicy=\"strict-origin-when-cross-origin\" allowfullscreen><\/iframe>\n<\/div><\/figure>\n\n\n\n<p>Uma vez Professora Sempre Estudante! \ud83c\udf3b Neste v\u00eddeo, apresento algumas das minhas Refer\u00eancias Acad\u00eamicas. Apresento fotos com alguns dos Professores com quem tive a oportunidade de estudar (infelizmente, n\u00e3o tenho fotos de todos os Professores que me inspiram)<\/p>\n\n\n\n<figure class=\"wp-block-embed is-type-video is-provider-youtube wp-block-embed-youtube wp-embed-aspect-16-9 wp-has-aspect-ratio\"><div class=\"wp-block-embed__wrapper\">\n<iframe loading=\"lazy\" title=\"Cyberbullying Prevencao Luciana Rizo\" width=\"720\" height=\"405\" src=\"https:\/\/www.youtube.com\/embed\/S0-DK8O3c2g?feature=oembed\" frameborder=\"0\" allow=\"accelerometer; autoplay; clipboard-write; encrypted-media; gyroscope; picture-in-picture; web-share\" referrerpolicy=\"strict-origin-when-cross-origin\" allowfullscreen><\/iframe>\n<\/div><\/figure>\n\n\n\n<p>Video para psicoeduca\u00e7\u00e3o sobre Cyberbullying e Fatores de Prote\u00e7\u00e3o para crian\u00e7as e adoelscentes<\/p>\n\n\n\n<h2 class=\"wp-block-heading has-text-align-center has-medium-font-size\"><a href=\"https:\/\/www.youtube.com\/@LucianaRizo\">Para conhecer mais v\u00eddeos, acesse o canal do Youtube &#8211;  @LucianaRizo<\/a><\/h2>\n\n\n\n<p><\/p>\n\n\n\n<p class=\"has-text-align-center has-large-font-size\"><\/p>\n","protected":false},"excerpt":{"rendered":"<p>Entrevista da Psic\u00f3loga e Professora Luciana Rizo no Programa de TV Sem Censura sobre o Aplicativo Voe Livre do Medo Para recepcionar os alunos ingressantes e veteranos, inaugurando as atividades pedag\u00f3gicas do segundo semestre, o curso preparou a Aula Magna<\/p>\n","protected":false},"author":1,"featured_media":0,"parent":0,"menu_order":0,"comment_status":"closed","ping_status":"closed","template":"","meta":{"footnotes":""},"class_list":["post-508","page","type-page","status-publish","hentry"],"_links":{"self":[{"href":"https:\/\/lucianarizo.com\/index.php\/wp-json\/wp\/v2\/pages\/508","targetHints":{"allow":["GET"]}}],"collection":[{"href":"https:\/\/lucianarizo.com\/index.php\/wp-json\/wp\/v2\/pages"}],"about":[{"href":"https:\/\/lucianarizo.com\/index.php\/wp-json\/wp\/v2\/types\/page"}],"author":[{"embeddable":true,"href":"https:\/\/lucianarizo.com\/index.php\/wp-json\/wp\/v2\/users\/1"}],"replies":[{"embeddable":true,"href":"https:\/\/lucianarizo.com\/index.php\/wp-json\/wp\/v2\/comments?post=508"}],"version-history":[{"count":10,"href":"https:\/\/lucianarizo.com\/index.php\/wp-json\/wp\/v2\/pages\/508\/revisions"}],"predecessor-version":[{"id":569,"href":"https:\/\/lucianarizo.com\/index.php\/wp-json\/wp\/v2\/pages\/508\/revisions\/569"}],"wp:attachment":[{"href":"https:\/\/lucianarizo.com\/index.php\/wp-json\/wp\/v2\/media?parent=508"}],"curies":[{"name":"wp","href":"https:\/\/api.w.org\/{rel}","templated":true}]}}